?
4
Let p(i) = -i**3 - 10*i**2 + i + 10. Let x be p(-11). What is the units digit of ((-2)/(-5))/(3/x)?
6
What is the tens digit of 264/(-16)*(2 - 12)?
6
Let v = 4 + 2. What is the units digit of 25/15 - 4/v?
1
What is the units digit of (-4 - -3)/((-4)/292)?
3
Let n = 20 + -10. Suppose -5*j + n*j - 35 = 0. What is the units digit of j?
7
Suppose 3*d + 4*b = 23, -2*b + 5*b - 14 = d. Suppose 0 = -3*h + 2 + d. What is the units digit of h?
1
What is the units digit of 4/(-10) + 862/5?
2
Let x = -2 - 10. Let v(l) = -4*l - 9. What is the tens digit of v(x)?
3
Let q = 569 + -398. What is the tens digit of q?
7
Suppose -2*w + 14 = -2*n, -2*w + 2*n + 19 = -n. Suppose 4*j + a - 152 = -19, -j - w*a + 42 = 0. What is the tens digit of j?
3
Let h(l) = l**2 - 6*l + 5. Let g be h(6). Suppose -g*n = -6*n + 20. What is the tens digit of n?
2
Let t(u) = -6*u**3. Let x be t(-1). What is the units digit of ((-8)/x)/(2/(-3))?
2
Suppose -5*a + c = -108 - 1773, -a - c = -381. What is the hundreds digit of a?
3
Let a be 45/(21/(-6) + 2). Let k be 3/12 + a/(-8). Suppose n = k*s - 41, 21 = 2*s - 0*s - n. What is the units digit of s?
0
Let l(a) = 26*a**3 + a**2 - a + 1. What is the units digit of l(1)?
7
Suppose 2*t = 26 + 6. Suppose -3*g - 130 = -5*h + 25, -76 = -2*h + 4*g. Let z = h - t. What is the units digit of z?
2
Suppose 0 = -5*q + q. Suppose q = -3*h + 9. Suppose 0 = -h*i + 9 + 6. What is the units digit of i?
5
Let x = 31 - 2. Let r(u) = -u**2 + u. Let f be r(1). Suppose 4*h - d + 2 = x, f = 2*h + 5*d - 41. What is the units digit of h?
8
Suppose -4*o = 2 + 118. Let d = 14 - o. What is the tens digit of d?
4
Let k(p) = -17*p**2 + 1. Let b be k(1). Let h = -13 - b. What is the units digit of h?
3
Let b = -6 + 65. What is the tens digit of b?
5
Let k(h) = -32*h. Let v be k(1). Let i = v - -12. Let p = i + 35. What is the tens digit of p?
1
Let x be (-21)/2 - 3/2. What is the units digit of 4/16 - 117/x?
0
Let i(p) = -p**3 - 7*p**2 - 13*p - 15. What is the tens digit of i(-7)?
7
Suppose -m = 3*i - 6, i - 2 + 0 = m. Suppose m = -z - 3*u + 28, -3*z + 2*u + 30 = -10. What is the tens digit of z?
1
Suppose 20*x = 23*x - 12. What is the units digit of x?
4
Let o = 138 - 98. Let j(t) = -t - 6. Let m be j(-8). Suppose 6*z - o = m*z. What is the tens digit of z?
1
Let c(n) = -n + 45. What is the units digit of c(-15)?
0
Let a be (2/(-5))/(5/(-25)). Suppose -a*z + 4 = -z. What is the units digit of z?
4
Let t = -5 - -5. Suppose 6 = q - t*q. What is the units digit of 6/(-3 + q) - 1?
1
Suppose 10 = b + 4*i - i, -2*b - 10 = -4*i. What is the tens digit of b/2 + 259/14?
1
Let f(v) = -v - 2. Let j be f(-2). What is the units digit of 0/(-1) + (2 - j)?
2
Let r = 2 + 0. Suppose -82 = -5*q + r*i, 5*q - 3*i = 4*q + 19. What is the units digit of q?
6
Let k = 4 + 5. Let y(j) = j**3 - 8*j**2 - 8*j - 4. What is the units digit of y(k)?
5
Let m(f) = 2*f - 7. What is the tens digit of m(9)?
1
Suppose 3*s - 105 - 45 = 0. What is the tens digit of s?
5
Let d(h) = -h**3 + 3*h**2 - h. Let p be d(2). Suppose -6*j = -27 - 27. Suppose -p = f - j. What is the units digit of f?
7
Suppose 79 = -4*y + 5*q + 241, 5*q = 3*y - 124. Suppose 0 = 4*i - 90 + y. What is the tens digit of i?
1
Let y = 0 - -4. What is the tens digit of 6/y + (-116)/(-8)?
1
Let j(h) = h**2 - 11*h + 1. What is the units digit of j(11)?
1
Let y(x) = -x**2 + 8*x + 8. Let t be y(9). Let u(s) = -9*s**3 - 2*s**2 - 2*s - 1. What is the units digit of u(t)?
8
Let w(b) = 88*b**2 + 1. What is the units digit of w(1)?
9
Suppose i + 9 = l - 2*i, 2*l - 33 = i. What is the units digit of 16/(-56) - l/(-14)?
1
Suppose 0 = 4*z + c - 197, -68 = -z - 4*c - 0*c. Suppose -5*r - 34 = -3*i - 0*i, -4*r - z = -5*i. What is the units digit of i?
8
Let b = -23 - -57. Suppose -p - m = p - b, -3*p = -m - 56. What is the tens digit of p?
1
Let l = -38 + 53. Suppose 0*r - 5*r = -l. Suppose 7*n - 32 = r*n. What is the units digit of n?
8
Suppose 6*m - 272 = 46. What is the tens digit of m?
5
Let l = 8 + -14. What is the units digit of 8*(-3)/(l/4)?
6
Suppose -100*w + 96*w = -32. What is the units digit of w?
8
Let v = -23 - -50. Let w = 1 + 3. Suppose 21 = q - w*j, 3*j - 8 + v = 4*q. What is the units digit of q?
1
Suppose 2*o - d = 4*o - 12, 2*d = -5*o + 29. Let g(z) be the third derivative of -z**4/24 + 11*z**3/6 - z**2. What is the units digit of g(o)?
6
Suppose 0 = -2*v - v - 9. What is the units digit of (3 - -3) + (v - 0)?
3
Let f = 8 - 3. Let d(g) = -14*g - 14. Let b(x) = 5*x + 5. Let u(p) = 17*b(p) + 6*d(p). What is the units digit of u(f)?
6
Let y = 32 - 12. What is the tens digit of y?
2
Suppose -2*i = 50 - 168. What is the tens digit of i?
5
Suppose 0 = -t + 2*w + 96, -w + 117 = t + 4*w. What is the hundreds digit of t?
1
Suppose 4*j = 3*w - 8, 6*w + 2*j = w - 30. Let n(c) be the second derivative of c**5/20 + c**4/3 - c**3/6 + 3*c**2/2 + 3*c. What is the units digit of n(w)?
7
Let r(b) = 6*b + 3. What is the tens digit of r(8)?
5
What is the units digit of (1/2)/((-9)/(-342))?
9
Suppose -5*b + 68 = -3*b. What is the tens digit of b?
3
What is the units digit of (-1)/3*(0 + -18)?
6
Suppose 5*y = 2 - 12. Let m(g) = g + 2. Let k be m(-5). What is the units digit of (y/k)/(3/9)?
2
Let h = 91 + -75. What is the tens digit of h?
1
Let a = 554 + -368. What is the hundreds digit of a?
1
What is the units digit of (-9)/15 - 268/(-5)?
3
Let m(y) = y**3 + 4*y**2 - 2*y - 6. Let q be m(-4). Suppose -q*n - 50 = -4*n. Let d = n + -15. What is the tens digit of d?
1
Let c(b) = 13*b + 37. What is the hundreds digit of c(12)?
1
Suppose -3*g + 0*g + 4*i = 10, -8 = -2*g - i. Suppose -2*z + 4 = 3*b - g, 2*z + 6 = 0. What is the units digit of b?
4
Suppose i - 230 = -4*i. What is the units digit of i?
6
Let x(f) = 108*f - 1. What is the tens digit of x(1)?
0
What is the units digit of 2540/15 + 2/(-6)?
9
Let l(g) = -3*g - 3. Suppose -4*q + 8*q - 8 = 0. Let n = -8 + q. What is the units digit of l(n)?
5
Let x be (-2)/(-5) - (-1002)/(-30). Let q be 4/(-20) + x/(-15). Suppose -q*l + 0*l = -2. What is the units digit of l?
1
What is the tens digit of (-2)/(-4)*(100 + 6)?
5
Let w(n) = 3*n**2 - 5 + 1 + 2 + 4*n - n**3. Let f be w(4). Let q = -1 - f. What is the units digit of q?
1
Let s(p) = 0*p**2 + 3 + 14 - p**2 + 0*p**2 - p. What is the tens digit of s(0)?
1
What is the units digit of (2 - 22)/5 - -138?
4
Let w = 2 - -3. Let y(r) = 18*r**2 - r. Let m be y(1). Let i = m - w. What is the tens digit of i?
1
Let n = 121 + -85. What is the tens digit of n?
3
Suppose -4*y + 52 + 60 = 0. What is the tens digit of y?
2
Suppose -3*x - 4*o = -8*x - 610, -3*x = 3*o + 339. Let z = -171 - x. Let b = -30 - z. What is the units digit of b?
3
Suppose 1086 - 14 = 4*y. What is the tens digit of y?
6
Let h(k) = 19*k**3 + 8*k**2 - 18*k**3 + 6 - 2*k**2 + 6*k. What is the units digit of h(-5)?
1
Let x(m) be the third derivative of 0 + m**2 + 1/24*m**4 + 0*m + 1/3*m**3 + 1/60*m**5. What is the units digit of x(2)?
8
Suppose -4*w - 1 + 9 = 0. Suppose 0 = -2*c + 2*l + w, 2*l - 7*l + 15 = 0. Suppose c*s - 5*y - 42 = 0, -5*y = 3*s - 0*y - 14. What is the units digit of s?
8
Suppose -p + 2*p - 4 = 0, 3*x - 26 = -5*p. Suppose -t = -x - 4. What is the units digit of t?
6
Suppose -4*v = -3*v - 9. What is the units digit of v?
9
What is the units digit of (-22 - 1)*(-3 + 1)?
6
Suppose 5*i - 10 = -5. What is the units digit of i?
1
What is the tens digit of 910/20 + 3/2?
4
Let z = 120 - 83. Suppose -a + z = 2*t, -4*a - 5 = -t + 9. What is the tens digit of t?
1
Suppose -121 = -8*z + 39. What is the tens digit of z?
2
Suppose 3*s - 107 = -38. What is the tens digit of s?
2
Let l = 5 + -10. Let z be 4/(-10)*(0 + l). What is the units digit of z/(-6) - 39/(-9)?
4
Suppose -5*w - 2*v + 725 = 0, 891 - 288 = 4*w - 3*v. What is the hundreds digit of w?
1
Let f = -205 - -361. What is the tens digit of f?
5
Let r = 228 - -63. What is the hundreds digit of r?
2
What is the tens digit of -4 + (-100)/(-5) - -3?
1
Let n = 8 + -5. Let k be (1 + n)/2 - 6. Let a = k - -8. What is the units digit of a?
4
Suppose -5*o + 725 = l - 407, -3*o + 686 = 4*l. What is the hundreds digit of o?
2
Let k(t) = t**2 - 6*t - 11. Let b be k(8). Suppose y - b*y = -60. What is the units digit of y?
5
Suppose -6*g + 3*g = 6. Let